vided by 6.
4
Calculate the remainder when 1333 is divided by 265.
8
Calculate the remainder when 4130 is divided by 78.
74
What is the remainder when 422 is divided by 25?
22
What is the remainder when 261 is divided by 33?
30
What is the remainder when 713 is divided by 13?
11
Calculate the remainder when 900 is divided by 230.
210
What is the remainder when 346 is divided by 35?
31
What is the remainder when 814 is divided by 19?
16
Calculate the remainder when 1455 is divided by 211.
189
Calculate the remainder when 366 is divided by 121.
3
What is the remainder when 275 is divided by 36?
23
What is the remainder when 1282 is divided by 28?
22
What is the remainder when 5369 is divided by 2684?
1
Calculate the remainder when 370 is divided by 155.
60
Calculate the remainder when 20 is divided by 2.
0
What is the remainder when 219 is divided by 21?
9
Calculate the remainder when 50 is divided by 4.
2
Calculate the remainder when 412 is divided by 23.
21
Calculate the remainder when 50 is divided by 32.
18
Calculate the remainder when 3573 is divided by 31.
8
What is the remainder when 1172 is divided by 51?
50
What is the remainder when 171 is divided by 42?
3
Calculate the remainder when 374 is divided by 57.
32
Calculate the remainder when 110 is divided by 82.
28
Calculate the remainder when 1353 is divided by 500.
353
What is the remainder when 840 is divided by 225?
165
Calculate the remainder when 4095 is divided by 1364.
3
Calculate the remainder when 236 is divided by 48.
44
What is the remainder when 1945 is divided by 33?
31
What is the remainder when 153 is divided by 139?
14
What is the remainder when 329 is divided by 31?
19
What is the remainder when 200 is divided by 70?
60
What is the remainder when 2640 is divided by 147?
141
What is the remainder when 1091 is divided by 75?
41
Calculate the remainder when 6965 is divided by 13.
10
Calculate the remainder when 107 is divided by 14.
9
Calculate the remainder when 1277 is divided by 216.
197
What is the remainder when 393 is divided by 6?
3
Calculate the remainder when 957 is divided by 111.
69
Calculate the remainder when 1939 is divided by 385.
14
Calculate the remainder when 309 is divided by 98.
15
Calculate the remainder when 97 is divided by 10.
7
What is the remainder when 615 is divided by 195?
30
What is the remainder when 28 is divided by 15?
13
What is the remainder when 283 is divided by 71?
70
What is the remainder when 429 is divided by 122?
63
What is the remainder when 204 is divided by 9?
6
What is the remainder when 195 is divided by 20?
15
Calculate the remainder when 8000 is divided by 127.
126
Calculate the remainder when 17 is divided by 11.
6
Calculate the remainder when 58 is divided by 16.
10
Calculate the remainder when 587 is divided by 77.
48
Calculate the remainder when 177 is divided by 136.
41
What is the remainder when 946 is divided by 13?
10
Calculate the remainder when 606 is divided by 21.
18
What is the remainder when 18520 is divided by 343?
341
Calculate the remainder when 16072 is divided by 47.
45
Calculate the remainder when 1780 is divided by 6.
4
Calculate the remainder when 2675 is divided by 47.
43
What is the remainder when 189 is divided by 19?
18
What is the remainder when 1483 is divided by 4?
3
Calculate the remainder when 3779 is divided by 20.
19
Calculate the remainder when 51 is divided by 4.
3
Calculate the remainder when 176 is divided by 15.
11
Calculate the remainder when 246 is divided by 10.
6
What is the remainder when 162 is divided by 29?
17
What is the remainder when 2659 is divided by 62?
55
What is the remainder when 387 is divided by 30?
27
Calculate the remainder when 211 is divided by 31.
25
What is the remainder when 723 is divided by 29?
27
Calculate the remainder when 2155 is divided by 28.
27
Calculate the remainder when 2819 is divided by 473.
454
What is the remainder when 46 is divided by 8?
6
What is the remainder when 741 is divided by 17?
10
Calculate the remainder when 350 is divided by 68.
10
What is the remainder when 119 is divided by 43?
33
What is the remainder when 14003 is divided by 23?
19
Calculate the remainder when 169 is divided by 83.
3
Calculate the remainder when 592 is divided by 117.
7
Calculate the remainder when 118 is divided by 15.
13
What is the remainder when 873 is divided by 73?
70
Calculate the remainder when 601 is divided by 14.
13
What is the remainder when 1202 is divided by 171?
5
Calculate the remainder when 784 is divided by 91.
56
What is the remainder when 966 is divided by 82?
64
Calculate the remainder when 714 is divided by 9.
3
Calculate the remainder when 80 is divided by 33.
14
Calculate the remainder when 3719 is divided by 62.
61
Calculate the remainder when 3207 is divided by 37.
25
What is the remainder when 239 is divided by 60?
59
What is the remainder when 626 is divided by 102?
14
Calculate the remainder when 119 is divided by 25.
19
What is the remainder when 263 is divided by 38?
35
What is the remainder when 341 is divided by 86?
83
What is the remainder when 58 is divided by 4?
2
Calculate the remainder when 18473 is divided by 62.
59
What is the remainder when 11 is divided by 11?
0
What is the remainder when 182 is divided by 41?
18
What is the remainder when 355 is divided by 45?
40
Calculate the remainder when 251 is divided by 66.
53
What is the remainder when 32 is divided by 7?
4
What is the remainder when 44 is divided by 15?
14
What is the remainder when 303 is divided by 77?
72
Calculate the remainder when 326 is divided by 51.
20
What is the remainder when 374 is divided by 54?
50
Calculate the remainder when 179 is divided by 56.
11
What is the remainder when 137 is divided by 15?
2
Calculate the remainder when 1183 is divided by 59.
3
What is the remainder when 402 is divided by 109?
75
Calculate the remainder when 45149 is divided by 75.
74
What is the remainder when 401 is divided by 199?
3
Calculate the remainder when 106 is divided by 37.
32
Calculate the remainder when 7695 is divided by 52.
51
Calculate the remainder when 187 is divided by 135.
52
Calculate the remainder when 542 is divided by 132.
14
Calculate the remainder when 1880 is divided by 268.
4
Calculate the remainder when 4636 is divided by 43.
35
Calculate the remainder when 174 is divided by 8.
6
Calculate the remainder when 364 is divided by 101.
61
Calculate the remainder when 231 is divided by 13.
10
Calculate the remainder when 599 is divided by 100.
99
What is the remainder when 100 is divided by 29?
13
Calculate the remainder when 442 is divided by 173.
96
What is the remainder when 1129 is divided by 192?
169
What is the remainder when 113 is divided by 13?
9
Calculate the remainder when 85 is divided by 18.
13
Calculate the remainder when 529 is divided by 28.
25
What is the remainder when 1173 is divided by 31?
26
Calculate the remainder when 200 is divided by 106.
94
What is the remainder when 206 is divided by 14?
10
What is the remainder when 2018 is divided by 88?
82
What is the remainder when 172 is divided by 20?
12
Calculate the remainder when 2026 is divided by 673.
7
What is the remainder when 1715 is divided by 40?
35
Calculate the remainder when 1725 is divided by 51.
42
Calculate the remainder when 3173 is divided by 20.
13
Calculate the remainder when 2715 is divided by 40.
35
Calculate the remainder when 68 is divided by 35.
33
Calculate the remainder when 1516 is divided by 69.
67
What is the remainder when 1562 is divided by 393?
383
What is the remainder when 134 is divided by 36?
26
Calculate the remainder when 21998 is divided by 20.
18
What is the remainder when 3293 is divided by 2?
1
What is the remainder when 17 is divided by 10?
7
Calculate the remainder when 80 is divided by 54.
26
Calculate the remainder when 15898 is divided by 75.
73
Calculate the remainder when 76 is divided by 9.
4
Calculate the remainder when 160 is divided by 76.
8
Calculate the remainder when 387 is divided by 39.
36
Calculate the remainder when 1083 is divided by 289.
216
Calculate the remainder when 1788 is divided by 128.
124
Calculate the remainder when 1804 is divided by 216.
76
What is the remainder when 207 is divided by 8?
7
What is the rem